y 33?
31
Let b(d) be the third derivative of 43/6*d**3 - 1/8*d**4 + 0*d + 0 - 12*d**2. What is the remainder when b(0) is divided by 15?
13
Let z(h) = h**3 + 13*h**2 + 20*h + 31. Let r(j) = -j**3 - 13*j**2 - 20*j - 32. Let l(f) = 4*r(f) + 3*z(f). What is the remainder when l(-12) is divided by 31?
30
Suppose 36*n = 36*n - 84*n + 11004. What is the remainder when 581 is divided by n?
57
What is the remainder when 243 is divided by -6 + (9/((-9)/8) - -59)?
18
Let j = 41 + -93. What is the remainder when 14/91 + (-5452)/j - -2 is divided by 30?
17
Let h be -150*(-2 - -3) + 2 + -4. Let x = h - -219. What is the remainder when x is divided by 34?
33
Let t = -46174 - -46299. Suppose -2*i - 128 = -4*i. What is the remainder when t is divided by i?
61
Let x = 4160 + -3603. Calculate the remainder when x is divided by 62.
61
Let n be (2 - 6) + 1 - (239 - 4). Let f = 272 + n. Calculate the remainder when 135 is divided by f.
33
Let f(s) = -s**2 + 20*s - 4. Let v be f(8). Suppose -2*h - v - 78 = -3*u, -5*u = -5*h - 285. Calculate the remainder when u is divided by 10.
6
Suppose 0 = 4*m - 2*y - 784, 90*m - 91*m + 196 = 5*y. Suppose -4 = 3*i + 3*t - 25, -3*t = -4*i + 49. Calculate the remainder when m is divided by i.
6
Suppose 2*s + 790 = 12*s. Let m(t) = -133*t - 91. Calculate the remainder when s is divided by m(-1).
37
Suppose -3*g = -5*t - 31 - 189, 5*g + 4*t - 379 = 0. Calculate the remainder when 1432 is divided by g.
7
Let s(v) = -21*v + 25. Let r be (((-12)/(-2))/6)/((-2)/(-114)). Let t = -62 + r. Calculate the remainder when s(t) is divided by 19.
16
What is the remainder when 351 is divided by (25*(-678)/90)/(10/(-6))?
12
What is the remainder when 1502 is divided by 153/(-45)*-5 - ((0 - -3) + -2)?
14
Let m(k) = 4*k**2 + 3*k - 3. Let t be m(1). Suppose 5*q = 4*j + 68, t*q - 86 = -q - 2*j. Calculate the remainder when 16 is divided by q.
0
Suppose 0 = 2*k + 112 - 424. Suppose -3*m + k = 3*f, f - 7 - 45 = -3*m. Let o(q) = 2*q**2 - 23*q - 115. What is the remainder when f is divided by o(-4)?
7
Let t(o) = o**3 - 3*o - 2. Suppose 0 = 5*f + 2*k - 18, 3*f + 6 = 4*k - 4. Let q be t(f). What is the remainder when ((q - 0) + -2 - 0) + 14 is divided by 3?
0
Let i = -8480 - -8656. What is the remainder when i is divided by 31?
21
Let a(o) = o**3 + o + 32. Suppose 2874 = 5*u + 3*i, 27*u - 25*u = 2*i + 1156. What is the remainder when ((-100)/(-12))/(80/u) is divided by a(0)?
28
What is the remainder when 839 is divided by 22/(1 - (8 - (7 + 1)))?
3
Let r(a) = -a**2 + 59*a - 731. Calculate the remainder when 461 is divided by r(23).
73
Let u(z) = 2*z - 12. Suppose -64 = 36*k - 38*k. Calculate the remainder when u(k) is divided by 11.
8
Suppose 14973 = 76*c + 1901. What is the remainder when c is divided by 23?
11
Let x = 1 - -53. What is the remainder when 315 is divided by x?
45
Let c be (-26)/2*30/(-78). Suppose 36 = 2*f - c*z, -4*z = 5*f + 12 - 36. Calculate the remainder when 90/4 + 3/6 is divided by f.
7
Let s = 41 - 25. Suppose 21*z = 13*z - 312. Let y = 6 - z. What is the remainder when y is divided by s?
13
Let m be 1 + (-10)/14 - 156904/(-616). Let w = -248 + m. Calculate the remainder when 15 is divided by w.
1
What is the remainder when 22112/6 + (-14)/14 + (-70)/(-42) is divided by 123?
119
Suppose 151*y - 93*y = 2842. Suppose 0 = -4*d - 3*r + 779, 3*r = r + 2. Calculate the remainder when d is divided by y.
47
What is the remainder when 1306/4 + (-2)/4 is divided by 72560/880 - -6*(-2)/(-22) - 1?
80
Let d(q) = 31*q - 97. Let k = 125 + -89. What is the remainder when d(10) is divided by k?
33
Suppose -2*k - 3*q = 34, -20 - 65 = 5*k + 3*q. Let a = k + 26. Let s = 9105 - 9086. Calculate the remainder when s is divided by a.
1
Suppose 10 = 3*l - 29. Let s(y) = -1483*y + 4524. What is the remainder when s(3) is divided by l?
10
Suppose -199*u + 19704 = 205*u - 51400. What is the remainder when 698 is divided by u?
170
Let p = -219 - -226. Suppose p*q = q + 564. Calculate the remainder when q is divided by 20.
14
Suppose -3*q = q - 216. Suppose -4*h + 5*w + 48 = 0, -3*h + 149 - 140 = 3*w. Suppose h*s + 9 = 58. Calculate the remainder when q is divided by s.
5
Let f = -680 + 640. Let m = f - -76. What is the remainder when 173 is divided by m?
29
Let c(i) = -3*i**2 + 70*i + 583. Calculate the remainder when 874 is divided by c(-6).
49
Suppose 106*y + 21233 = 111*y - h, 0 = -2*y - h + 8496. Calculate the remainder when y is divided by 12.
11
Let a = 4 - 0. Suppose -a*q - h + 3*h = -24, 0 = -4*q + 3*h + 26. Let c(u) = -3*u**2 + 33*u - 66. Calculate the remainder when c(4) is divided by q.
3
Let d = 355 + -352. Let k(v) = -v**3 + 4*v**2 - 3*v + 11. What is the remainder when 263 is divided by k(d)?
10
Suppose -3*f + 7*f = 28. What is the remainder when 181 is divided by (-1472)/(-56) + (-2)/f?
25
Suppose 0 = 207*x - 273*x + 5940. Let j(i) = 16*i**2 - 8*i + 8. Calculate the remainder when j(6) is divided by x.
86
Suppose 2*x + 1687*q = 1686*q + 1442, 5*x - q = 3577. Calculate the remainder when x is divided by 207.
96
Let c = -19 - -21. Let d be -20 + (-2)/4*c. Let m = d - -37. What is the remainder when m is divided by 6?
4
Suppose -2*b = -4*w + 76, 68 = 4*b - w + 199. Let i = b + 41. Calculate the remainder when 36 is divided by 42/4 + i/(-18).
6
Let v(b) = b**2 + 134*b - 6908. What is the remainder when v(40) is divided by (-2)/(-8) - (-118)/8?
7
Let y(q) = 14*q**2 + q. What is the remainder when y(-2) is divided by -8 - (-8 + -5) - -6?
10
Let l be (-72)/(-162) + (-41)/(-9). Suppose 18*q - 20*q + 4 = 0, l*q - 255 = -5*s. What is the remainder when 732 is divided by s?
46
What is the remainder when 1162 is divided by -3 + (-60)/(-18) - 1168/(-24)?
35
Suppose -15 - 16 = -o. Let v be (6/(-12) + -3)*34. Let w = v - -179. Calculate the remainder when w is divided by o.
29
Let w be ((2 - -37) + -1)*10/20. Suppose 0 = -6*c + w*c - 1144. What is the remainder when 439 is divided by c?
87
Let t(h) = -3*h + 79. Let p be t(29). Let k(w) = w**2 - 16 + w**3 + 10*w**2 + 18*w + 0. Calculate the remainder when k(p) is divided by 12.
8
Let r = 484 - 328. Let h = r + -116. What is the remainder when h is divided by 15?
10
Let y(m) = 16*m - 1816. What is the remainder when 345 is divided by y(118)?
57
Suppose -50 = 3*n - 2*z + 47, 3 = -3*z. Let c = n - -45. What is the remainder when c is divided by 3?
0
Let i(k) = -89*k + 447. What is the remainder when i(-11) is divided by 102?
100
Let a = -2211 + 3301. What is the remainder when a is divided by 13?
11
Suppose -28*g + 27*g = -4*b + 8, 3*b + g - 6 = 0. What is the remainder when 43 is divided by b + 0 + 15 + 1?
7
Calculate the remainder when 1028/5 + (7 - (-132)/(-20)) is divided by (2*(-24)/28)/((-8)/84).
8
Let k be (2 - 4) + 2 + (-2 - -2). Suppose -3*t + 38 + 1 = k. Suppose -t = -2*y - 2*y - i, -y + 3*i = -13. Calculate the remainder when 8 is divided by y.
0
Let d(z) be the third derivative of -7*z**4/24 + 5*z**3/6 + 2*z**2 - 9*z. What is the remainder when (-4)/6 - (-310)/6 is divided by d(-2)?
13
Suppose -1477663 - 665062 + 469251 = -473*q. Calculate the remainder when q is divided by 883.
6
Let p be -18*((-6)/27 + 0). Suppose -p*s - 6*j - 348 = -2*j, -s + 4*j - 102 = 0. Let v = s + 95. What is the remainder when 5 is divided by v?
0
Suppose -202 = x - 0*x + 3*j, 0 = -5*x - 5*j - 960. Let g = 11 - x. What is the remainder when g is divided by 40?
38
Suppose -4*x + 1749 + 1403 = -5*l, 6*x - l - 4676 = 0. What is the remainder when x is divided by 2?
0
Suppose 104*c - 1579 - 317 = 4240. What is the remainder when 360 is divided by c?
6
Let s(v) = -3*v**3 + 4*v**3 - 5*v**2 - 2*v + 14 - 5. Suppose 24*p - 439 + 151 = 0. Calculate the remainder when s(6) is divided by p.
9
Suppose -2*s = -7*s - 25, 0 = 4*a - 5*s + 39. Let q = 48 + a. What is the remainder when q is divided by 7?
4
Let l(m) = -m**2 + 47*m - 142. What is the remainder when 1198 is divided by l(20)?
4
Let n(f) = -111*f + 6303. What is the remainder when n(-7) is divided by 23?
19
Let n = -289 + 298. Calculate the remainder when 92 is divided by 4*n - (37 - 32).
30
Let w(a) = 12*a + 49. Let v be w(0). Suppose -3*c - 4*j + 44 = 0, 5*j + v = 3*c + 10*j. Calculate the remainder when 24 is divided by c.
0
Suppose -7*i - 25 + 46 = 0. Calculate the remainder wh